{"id":7673,"date":"2019-04-26T10:16:22","date_gmt":"2019-04-26T15:16:22","guid":{"rendered":"https:\/\/www.gobernacionnapo.gob.ec\/new\/?page_id=7673"},"modified":"2019-04-29T09:59:02","modified_gmt":"2019-04-29T14:59:02","slug":"objetivos","status":"publish","type":"page","link":"https:\/\/www.gobernacionnapo.gob.ec\/new\/objetivos\/","title":{"rendered":"Objetivos"},"content":{"rendered":"<p style=\"text-align: justify;\"><strong>La Gobernaci\u00f3n de Napo tiene como objetivos:<\/strong><\/p>\n<p style=\"text-align: justify;\">1.-Dirigir y direccionar la aplicaci\u00f3n de la pol\u00edtica p\u00fablica sobre gobernabilidad y seguridad interna a nivel provincial.<\/p>\n<p style=\"text-align: justify;\">2.-Supervisar el correcto desempe\u00f1o de las unidades administrativas dependientes de la Gobernaci\u00f3n y del Ejecutivo Desconcentrado.<\/p>\n<p style=\"text-align: justify;\">3.-Seguimiento y evaluaci\u00f3n de la implementaci\u00f3n de las pol\u00edticas p\u00fablicas en la Provincia; Presidir el Gabinete Provincial.<\/p>\n<p style=\"text-align: justify;\">4.-Presidir el Comit\u00e9 Provincial de Seguridad Ciudadana.<\/p>\n<p style=\"text-align: justify;\">5.-Presidir el Comit\u00e9 de Operaciones de Emergencias Provincial.<\/p>\n<p style=\"text-align: justify;\">6.-Nombrar bajo su responsabilidad a los Jefes Pol\u00edticos, Intendente de Polic\u00eda, Comisarios y Tenientes Pol\u00edticos.<\/p>\n<p style=\"text-align: justify;\">7.-Formular mecanismos de coordinaci\u00f3n con el r\u00e9gimen Seccional Aut\u00f3nomo, dependiente y organizaciones sociales.<\/p>\n<p style=\"text-align: justify;\">8.-Establecer el di\u00e1logo y la concertaci\u00f3n para la soluci\u00f3n de conflictos.<\/p>\n<p style=\"text-align: justify;\">9.-Controlar y gestionar por la tranquilidad y el orden p\u00fablico, garantizar la seguridad de las personas y de los bienes; prevenir delitos y combatir la delincuencia.<\/p>\n","protected":false},"excerpt":{"rendered":"<p class=\"excerpt\">La Gobernaci\u00f3n de Napo tiene como objetivos: 1.-Dirigir y direccionar la aplicaci\u00f3n de la pol\u00edtica p\u00fablica sobre gobernabilidad y seguridad interna a nivel provincial. 2.-Supervisar el correcto desempe\u00f1o de las unidades administrativas dependientes de la Gobernaci\u00f3n y del Ejecutivo Desconcentrado. 3.-Seguimiento y evaluaci\u00f3n de la implementaci\u00f3n de las pol\u00edticas p\u00fablicas en la Provincia; Presidir el Gabinete Provincial. 4.-Presidir el Comit\u00e9&hellip; <a href=\"https:\/\/www.gobernacionnapo.gob.ec\/new\/objetivos\/\">Read more &rarr;<\/a><\/p>\n","protected":false},"author":2,"featured_media":0,"parent":0,"menu_order":0,"comment_status":"closed","ping_status":"closed","template":"","meta":{"footnotes":""},"class_list":["post-7673","page","type-page","status-publish","hentry","xfolkentry"],"_links":{"self":[{"href":"https:\/\/www.gobernacionnapo.gob.ec\/new\/wp-json\/wp\/v2\/pages\/7673","targetHints":{"allow":["GET"]}}],"collection":[{"href":"https:\/\/www.gobernacionnapo.gob.ec\/new\/wp-json\/wp\/v2\/pages"}],"about":[{"href":"https:\/\/www.gobernacionnapo.gob.ec\/new\/wp-json\/wp\/v2\/types\/page"}],"author":[{"embeddable":true,"href":"https:\/\/www.gobernacionnapo.gob.ec\/new\/wp-json\/wp\/v2\/users\/2"}],"replies":[{"embeddable":true,"href":"https:\/\/www.gobernacionnapo.gob.ec\/new\/wp-json\/wp\/v2\/comments?post=7673"}],"version-history":[{"count":0,"href":"https:\/\/www.gobernacionnapo.gob.ec\/new\/wp-json\/wp\/v2\/pages\/7673\/revisions"}],"wp:attachment":[{"href":"https:\/\/www.gobernacionnapo.gob.ec\/new\/wp-json\/wp\/v2\/media?parent=7673"}],"curies":[{"name":"wp","href":"https:\/\/api.w.org\/{rel}","templated":true}]}}

<p style="text-align: justify;"><strong>La Gobernación de Napo tiene como objetivos:</strong></p>
<p style="text-align: justify;">1.-Dirigir y direccionar la aplicación de la política pública sobre gobernabilidad y seguridad interna a nivel provincial.</p>
<p style="text-align: justify;">2.-Supervisar el correcto desempeño de las unidades administrativas dependientes de la Gobernación y del Ejecutivo Desconcentrado.</p>
<p style="text-align: justify;">3.-Seguimiento y evaluación de la implementación de las políticas públicas en la Provincia; Presidir el Gabinete Provincial.</p>
<p style="text-align: justify;">4.-Presidir el Comité Provincial de Seguridad Ciudadana.</p>
<p style="text-align: justify;">5.-Presidir el Comité de Operaciones de Emergencias Provincial.</p>
<p style="text-align: justify;">6.-Nombrar bajo su responsabilidad a los Jefes Políticos, Intendente de Policía, Comisarios y Tenientes Políticos.</p>
<p style="text-align: justify;">7.-Formular mecanismos de coordinación con el régimen Seccional Autónomo, dependiente y organizaciones sociales.</p>
<p style="text-align: justify;">8.-Establecer el diálogo y la concertación para la solución de conflictos.</p>
<p style="text-align: justify;">9.-Controlar y gestionar por la tranquilidad y el orden público, garantizar la seguridad de las personas y de los bienes; prevenir delitos y combatir la delincuencia.</p>

<p class="excerpt">La Gobernación de Napo tiene como objetivos: 1.-Dirigir y direccionar la aplicación de la política pública sobre gobernabilidad y seguridad interna a nivel provincial. 2.-Supervisar el correcto desempeño de las unidades administrativas dependientes de la Gobernación y del Ejecutivo Desconcentrado. 3.-Seguimiento y evaluación de la implementación de las políticas públicas en la Provincia; Presidir el Gabinete Provincial. 4.-Presidir el Comité&hellip; <a href="https://www.gobernacionnapo.gob.ec/new/objetivos/">Read more &rarr;</a></p>
